Let y be 3 - (-2)/(4/(-6)). Suppose -w + 5*w - 4 = y. Is (2/(-4))/(w/(-178)) composite?
False
Suppose -2682 = -4*a + 2*s, -1 - 1 = -2*s. Is a prime?
False
Let j(q) = 5*q**2 + 13*q + 13. Is j(11) a prime number?
True
Let t = 24 - 5. Is t composite?
False
Let l = -2221 + 3702. Is l a prime number?
True
Let k(b) = -b - 1. Let u be k(-3). Suppose -5*g - u*l + 53 = -2*g, -g - 5*l + 35 = 0. Is g prime?
False
Let t(j) = -7*j**2 - j + 2. Let p be t(2). Let l be (-2)/6 + p/6. Let h = 6 - l. Is h prime?
True
Suppose -4*j = -5*i - 225, 3*j = j - 3*i + 107. Suppose 5*y = -2*u + 182, 2*y - 127 - j = -2*u. Is u a composite number?
True
Let a = -6 - -8. Suppose -20 = 3*g + g, -a*g + 205 = 5*q. Is q a prime number?
True
Suppose -3*u + 1 - 10 = -2*s, 5*u - 5*s + 15 = 0. Let x = -3 - u. Suppose 0 = -b - 2*k + 197 - 0, x = -b + k + 206. Is b a prime number?
False
Let n(m) = 2*m + 7. Let a be n(-6). Let l(w) = w**2 + 5*w + 2. Let j be l(a). Is (-657)/(-12) + j/8 a prime number?
False
Is 988/39*6/4 composite?
True
Let v(i) = -22*i + 8. Suppose 0 = 4*g + 3 - 27. Let f be v(g). Let p = 179 + f. Is p a prime number?
False
Let a(w) = -w + 14. Is a(-12) a prime number?
False
Let c(y) = y**2 - 7*y + 2. Let q be c(7). Suppose -25 = q*m - 119. Is m composite?
False
Let r(p) = 11*p + 6. Is r(3) a composite number?
True
Let f(k) = -k**2 + k + 1. Let c(v) = -5*v**2 - 1. Let o(l) = -c(l) + 2*f(l). Let s be (-3)/((6/(-4))/(-1)). Is o(s) prime?
True
Suppose -l + 12 = -0. Is (-8)/l - 5775/(-9) prime?
True
Suppose -2 + 0 = -2*w - 4*d, -14 = -2*w + 2*d. Suppose 2*a - w*a = -102. Is a composite?
True
Let l(m) = 7*m**2 + 2*m - 4. Suppose f = 3*h - 4*f + 14, 4*h + 3*f + 9 = 0. Is l(h) composite?
False
Let d = 2 + 2. Suppose 0*p = p + d*h - 805, 4 = h. Is p a prime number?
False
Suppose 0 = c - 5*c + 128. Let t be -4*4/(c/6). Is t/(-12) - (-246)/8 a prime number?
True
Suppose 0 = 2*s + 4*t - 28, -s - 4*s = -t - 26. Let i be 16 - 3*s/9. Suppose 0 = -3*v + 4*v - i. Is v composite?
True
Let b = -1669 - -2546. Is b a prime number?
True
Let x(d) = d**3 + 6*d**2 + 5*d - 1. Let s be 16/12 - 2/(-3). Suppose -a - 6 = -s. Is x(a) prime?
True
Suppose -4*x = 3*v, -4*v + 4*x - 32 = v. Let y = v - -153. Is y a prime number?
True
Suppose 4*d = 0, 4*l - d = -4*d + 48. Suppose 2*k + l = 6*k. Suppose k*o - 146 = 19. Is o a composite number?
True
Let a(d) = 2*d**2 - 10*d - 5. Is a(-7) composite?
False
Let h = -4 - -7. Suppose -4*t = -n + 15, -h*t = -2*n - 2*t + 37. Is n a prime number?
True
Suppose -28 - 221 = -3*y. Is y prime?
True
Suppose -4 = 2*p, 3*a - 2*p = -p + 545. Is a composite?
False
Let v be ((-10)/(-15))/((-1)/(-3)). Suppose o + 119 = v*x - 2*o, 2*x = -o + 107. Is x composite?
True
Let r(t) = 20*t**3 + 2*t**2 - 2*t + 1. Let f be ((-1)/(-2))/1*2. Is r(f) a composite number?
True
Suppose -3*n + 550 = -488. Let y be n/2*(-2)/2. Let f = 12 - y. Is f composite?
True
Let y = -1 - -1. Let h(d) = -d**2 - 9*d - 5. Let c be h(-8). Suppose -189 = -4*j - z, y*z = 3*z - c. Is j composite?
False
Let s be (-3)/(((-42)/556)/(-7)). Is (5 + -4)/((-2)/s) prime?
True
Let j(t) = -t**3 - 7*t**2 + 8*t + 2. Let g be j(-8). Suppose 5*z + 0 = g*b + 1, 0 = -3*b + 6. Is z*(0 - 0) - -37 composite?
False
Let m(r) = -58*r - 5. Let i be m(-5). Suppose 5*j - 2*j - i = 0. Is j composite?
True
Suppose v + 2*v - 615 = 0. Is v prime?
False
Suppose -4*u - 5*j - 56 - 143 = 0, -4*u + 5*j = 169. Let m = u - -68. Is m composite?
True
Let q(r) = -r**2 - 15*r - 19. Is q(-9) prime?
False
Suppose 0*d = -d + 917. Is d prime?
False
Suppose -3*o + 779 = 2*t, -t - 3*o + 0*o = -388. Is t a prime number?
False
Suppose -7*u + 1220 = -3*u. Suppose -d - 4*d - 5*i = -u, -d = -4*i - 81. Is d a composite number?
True
Let d = -137 - -71. Let u = d - -112. Suppose 4*z - u = 310. Is z a composite number?
False
Suppose 7 = -u + 9. Suppose 9 = -3*r, 4*w - 1310 = u*r + 564. Is w a prime number?
True
Let p = 27 - -17. Let z = 94 - p. Is (z/8)/(5/20) composite?
True
Let z(i) = 47*i**2 - i. Let u be z(2). Is u/(-4)*16/(-24) a prime number?
True
Let q = -4 - -7. Suppose -q*r + 1 = 4. Is 5 - -2 - (r + 1) a prime number?
True
Let j(c) = 16*c + 9. Let a(i) = -15*i - 10. Let p = 3 - -2. Let z(g) = p*j(g) + 4*a(g). Is z(4) a composite number?
True
Let j(f) = 38*f + 5. Let b(o) = -2*o**2 - 3*o - 2. Let n be b(-6). Let g be (-6)/9 + n/(-12). Is j(g) composite?
False
Let j be 15/6 - (-2)/4. Let v be 145/3 + 2/3. Suppose -3*r = -2*u + 23, j*u - v = -r + 13. Is u a composite number?
False
Suppose 2*g = -i + g + 126, -i = -g - 128. Is i a prime number?
True
Suppose 18*l - 23*l = -7805. Is l composite?
True
Let x(j) = -j**3 + 9*j**2 - 9*j + 10. Let f be x(8). Suppose 2*m + f*m - 28 = 0. Is m prime?
True
Suppose 3*i = 2615 + 1456. Is i prime?
False
Let r be 8/20 - (-12)/(-5). Let p = 2 + r. Suppose -c - 2*c + 39 = p. Is c composite?
False
Suppose 0 = 2*h - 4*h + 10, -2*h = 3*u - 2983. Is u a prime number?
True
Let v(x) = -241*x + 37. Let u(i) = 121*i - 18. Let o(q) = -7*u(q) - 3*v(q). Is o(-5) a composite number?
True
Let q = -6 + 6. Suppose -3*z + 107 = -q*v - 2*v, -10 = -5*v. Is z composite?
False
Let g = 7 + -5. Suppose 5*i = m - g*m - 193, m + 200 = 2*i. Let f = -41 - m. Is f composite?
False
Let j(z) = -13*z + 8. Suppose -3*l - 14 = -l. Let p be j(l). Let d = p - 62. Is d a composite number?
False
Suppose 2*b = -2*c - 8, 5*c + 2 = -2*b - 9. Let q be c + (2 - 1)/1. Is q - (1 + -69 + 1) composite?
False
Let q(t) = -15*t + 1. Let x be q(1). Let l = -8 - x. Suppose -13 = -z - l. Is z a composite number?
False
Is 1 + 1 + 34 + -1 composite?
True
Is 3*(-3)/(-27) + (-35048)/(-39) a composite number?
True
Let d(h) = h**2 - 12*h + 3. Suppose -7*l + 12 = -6*l. Let u be d(l). Suppose 0*g - 33 = -u*g. Is g a prime number?
True
Suppose p = 3*z + z - 13, -2*p = 4*z - 10. Suppose 94 = -z*s + 5*s. Is s a prime number?
True
Suppose 8*b + 664 = 1648. Is b composite?
True
Suppose 76 = 3*y - 2*d - 0*d, -y = -3*d - 30. Let p = -10 - -12. Suppose -4*i + 2*x = -p*x - y, i = -4*x + 11. Is i composite?
False
Let f = -389 + 682. Is f a prime number?
True
Suppose 3*f - 1276 = -7*z + 3*z, 0 = -z + 2*f + 319. Is z prime?
False
Let p be (376/12)/(4/42). Let k = 490 - p. Is k composite?
True
Suppose 8 + 2 = 5*u. Suppose 0 = 5*c - u - 3. Is c/((-1)/(-97)*1) prime?
True
Let k be 6*(-3)/3*-1. Suppose h - k = -h. Suppose h*a = -7 + 118. Is a prime?
True
Suppose -1 - 5 = 2*p, 4*x + 3*p = -5. Let y(d) = -d**2 + 7*d. Let b be y(7). Is 114 - ((2 - x) + b) a composite number?
False
Let n = 1224 + -821. Is n a prime number?
False
Suppose -4*p = -809 + 213. Is p prime?
True
Let t = -13 - -10. Is 4 + -3 - (t + -22) a composite number?
True
Let k(l) = -19*l**3 + 6*l**2 + l - 1. Let d(b) = 20*b**3 - 5*b**2 - b + 1. Let m(t) = 5*d(t) + 4*k(t). Is m(1) composite?
False
Let d = -1 + 4. Suppose 2*z = d*c - z - 243, 2*z = -2*c + 146. Is c prime?
False
Let w be (2/(-5))/(4/80). Let z = -1 - w. Is z composite?
False
Suppose -2*x + 24 = -4*x. Let s(m) = m**2 - 8*m - 8. Let t be s(8). Is (-123)/x + 2/t a composite number?
True
Suppose -3*j + 78 = -681. Is j a composite number?
True
Let r(t) = 75*t - 64. Is r(21) a composite number?
False
Let b(k) = 10*k**2 - 3. Let o be b(-5). Suppose 0 = 3*n - 182 - o. Is n prime?
False
Let v(o) = o**3 + 5*o**2 - 4*o - 3. Let b be v(-4). Let k = b - 8. Is k prime?
False
Let j(m) = -89*m - 5. Is j(-14) composite?
True
Let g = -9 + 5. Let p = g - -5. Is p/4 - 211/(-4) a prime number?
True
Let m(w) = -w**2 + 4*w - 1. Let d be m(4). Let u be 1 + d + 1 + 9. Is 19/2 - 5/u prime?
False
Let f be (-1 + (-1)/(-3))*12. Is ((-15)/4 - -3)*f a prime number?
False
Suppose 16 = w + l, -l - 3*l = 5*w - 76. Suppose -5*s + 4*a = 48, 2*a = 2*s - s + w. Let p = s - -14. Is p composite?
True
Let l(h) = 2*h - 2. Let z be l(4). Let t(p) be the third derivative of p**4/8 - 3*p**3/2 - 14*p**2. Is t(z) composite?
True
Let j(y) = -110*y**3 - 2*y**2 + y + 2. Is j(-1) a composite number?
False
Let f(k) = k**2 + 11*k + 3. Let x be f(-8). Let w = 56 + x. Is w prime?
False
Let l(y) = 12*y + 9. Suppose 2*d - d + 2 = 0. Let k(q) = -q - 1. Let u(m) = d*l(m) - 22*k(m). Is u(-5) a prime number?
False
Let b(t) = -4*t - 6. Let l be b(-4). Suppose l + 19 = 3*w + 4*s, 36 = 3*w - 3*s. Is w a composite number?
False
Suppose